st common divisor of 133 and u?
7
Suppose 5*q + 2*k = 35, -2*q + 4*k = -19 - 19. Suppose -11*i + 48 = -q*i. What is the highest common divisor of i and 204?
12
Let m be 482/(-5) - (-7 - 33/(-5)). Let h be (22/8)/((-4)/m). Calculate the greatest common factor of h and 6.
6
Let z = -442 - -474. Suppose 5*o + 10*g = 5*g + 50, 0 = 2*o + 5*g - 14. Calculate the highest common divisor of z and o.
4
Let i be ((-344)/(-5))/(18/45). Suppose 4*f = -4 + i. What is the highest common divisor of 63 and f?
21
Let p be -7 - 15*1/(-3). Let m be 872*(-7)/(-168) - p/(-6). Calculate the greatest common factor of 360 and m.
36
Let w(j) = -j**3 + 29*j**2 - 68*j + 235. Let z be w(26). Calculate the greatest common divisor of z and 75.
15
Let j = 61 - 5. Let p be (-10)/120*6 + (-2)/(-4). Let d(t) = -13*t + 8. Let l be d(p). Calculate the greatest common factor of l and j.
8
Let h(x) = -20*x + 275. Let n be h(-20). Calculate the greatest common factor of 270 and n.
135
Let y(a) = 3*a**2 - a + 7. Let z be y(-2). Calculate the highest common divisor of z and 22050.
21
Let g be (-14 - -4)*((-7)/2 - -2). Let t(v) = -8*v**3 + 4*v**2 + 3*v - 9. Let s be t(-4). Calculate the highest common factor of s and g.
15
Let m be (4 + 4)*(3 + 0). Suppose 7*h = 3*h + 3*h + 32. What is the greatest common factor of m and h?
8
Suppose -2*k + 17 = -f, 5*k - 31 = 2*k - 4*f. Let y(g) = 79*g + 1092. Let o be y(-12). What is the greatest common divisor of o and k?
9
Let a be 13/(-234) - 902/(-36). Calculate the highest common factor of 135 and a.
5
Suppose -20 = -c + 3*i, c = -5*i - 16 - 4. Let d be 1/3*81 - c. Calculate the highest common divisor of 33 and d.
11
Suppose -1702 + 330 = 7*o. Let x = -195 - o. Calculate the highest common divisor of 4 and x.
1
Let s be (-81308)/(-16) - (3/10)/((-42)/35). What is the greatest common divisor of s and 6?
6
Let w be (-12 - -5 - -11)/2 - 1. Let d(b) = b**2 - 2*b + 17. Let p be d(0). What is the highest common divisor of w and p?
1
Let m(s) = 12*s - 42. Let d be m(5). Let l(y) = y**3 - 20*y**2 + 35*y + 28. Let t be l(d). What is the highest common factor of t and 90?
10
Suppose 5*a = 16 + 34. Suppose t + 33 = 32. Let p be -3*71/(-3) + t. Calculate the highest common factor of a and p.
10
Suppose 5*h + 1239 + 1651 = 0. Let y = -226 - h. What is the highest common divisor of 22 and y?
22
Let o = -27 + 83. Let a = -168226 + 168478. Calculate the greatest common factor of o and a.
28
Let r(n) = -n**2 + n + 2. Let p be r(0). Let d(i) = p*i**3 + 1 - 36*i**2 + 45*i**2 + 2*i - 6. Let f be d(-4). Calculate the highest common factor of 24 and f.
3
Suppose -7*k = -26*k - 3*k + 20592. Calculate the greatest common factor of k and 18.
18
Suppose -3*c = 3*t - 32295, 4*c = -3*t + 21081 + 21981. What is the highest common factor of c and 194?
97
Let p = 1759 + -1411. Calculate the highest common divisor of 957 and p.
87
Suppose 70 - 142 = -3*s. Suppose -91 = 23*p - s*p. Let d = -44 + 57. What is the highest common factor of p and d?
13
Suppose 4*z = -5*x + 1347, 10*z - 9*z = -7. Calculate the greatest common factor of 2035 and x.
55
Let n(a) = 4*a - 3. Let g be n(2). Suppose 385 = -0*k + g*k. Suppose 16*y = 15*y + k. Calculate the highest common divisor of 7 and y.
7
Suppose 0 = g + 40*y - 36*y - 9, -y = -3*g + 79. What is the highest common divisor of 235 and g?
5
Let v be 85/(-68) + (-2561)/(-52). What is the greatest common factor of v and 40272?
48
Let d = -119 - -134. Suppose d*c - 12*c - 147 = 0. Let b = c - 42. What is the greatest common factor of 49 and b?
7
Suppose 3*u - 660 = -4*k, u = 5*k - u - 802. Let g = 4024 - 3970. Calculate the highest common divisor of k and g.
54
Suppose -2*y = -5*u - 153 - 2232, 4*y = -5*u + 4845. Let x = 1829 - y. Suppose -x = 4*w - 8*w. What is the greatest common divisor of 12 and w?
12
Let o = 27 - 22. Suppose -o*g = -2*x - 268, -6*x + 7*x + 269 = 5*g. Calculate the greatest common divisor of 117 and g.
9
Suppose -85*n + 109*n + 133*n - 459696 = 0. Calculate the greatest common divisor of n and 288.
48
Let m = -12899 + 13171. Calculate the greatest common divisor of m and 748.
68
Suppose -6*k + 3*k = 27. Let y be (29 - 35)*24/k. Calculate the highest common factor of 64 and y.
16
Let o = 2 + 14. Suppose -149342*k + 149431*k = 4628. Calculate the greatest common divisor of o and k.
4
Let d(h) be the first derivative of h**4/4 + 7*h**3/3 - h**2 + 16*h + 70. Let u be d(-7). What is the highest common divisor of u and 5?
5
Suppose -13*a + 2133 = -3*a - 2517. What is the greatest common divisor of 15 and a?
15
Let c be (-2560)/(-112) - ((-5)/35 + 0). Suppose 8 = -3*f + 4*s - 3, -3*s + 4 = 2*f. Let r be f - 52/(-2)*8. What is the highest common factor of r and c?
23
Let n be (-35906)/(-30) - (406/105 + -4). What is the highest common factor of 266 and n?
133
Suppose 268*d + 2*j = 271*d - 13128, -4*d + 3*j = -17502. Calculate the greatest common divisor of d and 180.
60
Let z(b) = b**2 + 7*b - 119. Let i be z(0). Let t = i - -155. Suppose 0*p = -4*p - 2*w + 214, 2*p = 2*w + 110. What is the greatest common factor of p and t?
18
Suppose 0 = b + a - 95, -5*b + 4*a + 489 = 2*a. Let j = 151 - b. Suppose 0 = p + 2*p - 18. Calculate the highest common divisor of j and p.
6
Suppose -1165*s + 1166*s - 15 = 0. What is the highest common factor of s and 153?
3
Let o(d) = 35*d**3 - 2*d**2 + d. Let v be o(1). Let c = v - 16. Let j(a) = 6*a - 84. Let r be j(16). Calculate the highest common factor of r and c.
6
Suppose -290 = -2*r - 4*w, -3*r - r + 580 = -3*w. Calculate the greatest common divisor of r and 1653.
29
Let l be 5 + -1 + 22/110*5855. What is the highest common divisor of 1222 and l?
47
Let n(t) = 420*t - 117. Let f be n(9). Calculate the highest common factor of 792 and f.
99
Suppose 166 = -v + 5*b, 2*v + b + 23 = -298. Let m = v + 198. Calculate the greatest common factor of 296 and m.
37
Suppose 9*h - 1958 = -1877. Calculate the highest common factor of h and 321.
3
Suppose -244 = -56*y - 76. Let j(q) = -2*q**2 + 8*q**2 + 8*q**2 + 2. Let t be j(y). Calculate the greatest common factor of 8 and t.
8
Let a be 2 + (-72)/33 - (-42)/(-11). Let k be (a/(-5))/(6/45). Let i = -154 - -166. Calculate the highest common divisor of k and i.
6
Suppose -2*y = 1 - 23. Suppose 133 = -4*c - 3*t, -5*c + 2*t - 245 = -50. Let u = c - -125. What is the highest common divisor of y and u?
11
Suppose -4*i = -2*i - 2. Suppose 4*x + 209 = -2*l - x, 2*l - 4*x = -254. Let t = l + 118. Calculate the greatest common factor of t and i.
1
Let c(n) = 5*n**2 - 3*n + 6. Let f be c(-6). Let t be 8642/(-86420) - (5442/(-20) - (0 - 0)). Calculate the greatest common factor of f and t.
68
Let k = 112 + -163. Let s = k - -3. Let v be (-1644)/s - (-1)/(-4). Calculate the greatest common divisor of 68 and v.
34
Suppose -618*b - 9100 = -644*b. Calculate the highest common divisor of b and 56.
14
Let y = -16 - -48. Suppose -4*u + 4*f + 1032 = 0, 2*u - 518 = -3*f + 6*f. What is the greatest common divisor of y and u?
32
Suppose -162 + 60 = -6*p. Suppose -3*o = p*o - 640. What is the greatest common factor of 72 and o?
8
Suppose -35*g = -37*g + 4. Suppose 16*t + g = 17*t. What is the highest common divisor of t and 32?
2
Let g = 311 - -1626. What is the highest common factor of g and 39?
13
Suppose 3*f = -4*q + 24, -5*f + 8*f - 2*q - 6 = 0. Let l be 12/(-7) + 8/(-28). Let z = 6 - l. Calculate the greatest common divisor of z and f.
4
Let q = 19728 - 19620. Calculate the highest common divisor of q and 46440.
108
Let s be ((74/(-5))/(-1))/(22/110). Let z be (-592)/(-14) - s/259. Calculate the highest common divisor of 84 and z.
42
Let o = 3186 + -2979. Let d be -9*(-2)/8*4. Let i = o - d. What is the highest common factor of i and 18?
18
Suppose -5*u + 613 = -2*q, 3*u - 5*u + 3*q = -254. Suppose 10*b = -b + u. Calculate the highest common factor of 22 and b.
11
Suppose i - 4*f = 64, 5*f - 298 = -4*i + 7*f. What is the greatest common divisor of 6916 and i?
76
Suppose 8*o - 13*o + 124 = x, -2*x + 8 = 0. Let g = 19 + 41. Calculate the highest common divisor of o and g.
12
Let i be 4/14 + 5/7. Let m = -13324 - -13340. What is the greatest common divisor of m and i?
1
Suppose -s + 28 = 6*s. Suppose p + s*b = 21, -5*p + 0*b = -b - 126. Calculate the highest common factor of 20